sor of 178812 and 36?
36
What is the greatest common factor of 418512 and 144?
48
What is the highest common factor of 65317 and 903?
301
Calculate the greatest common factor of 55272 and 19176.
1128
Calculate the greatest common factor of 42 and 7437.
3
Calculate the highest common divisor of 2 and 701.
1
What is the greatest common factor of 521488 and 176?
176
Calculate the greatest common divisor of 11546 and 22954.
46
Calculate the greatest common divisor of 36 and 268116.
12
Calculate the highest common divisor of 1456569 and 3695.
739
What is the greatest common divisor of 6176 and 133363?
193
Calculate the highest common factor of 2280966 and 348.
174
Calculate the greatest common factor of 8352 and 5652.
36
What is the greatest common divisor of 2318 and 3233?
61
Calculate the highest common factor of 5016 and 17480.
152
What is the highest common factor of 113892 and 492?
12
What is the greatest common divisor of 35861 and 218?
109
Calculate the greatest common factor of 1794 and 99866.
598
What is the highest common divisor of 2376 and 61128?
216
Calculate the highest common factor of 718300 and 176.
44
Calculate the greatest common divisor of 3438008 and 812.
812
Calculate the highest common divisor of 8153995 and 2230.
1115
Calculate the highest common factor of 225 and 3798.
9
What is the greatest common factor of 31911 and 66?
33
Calculate the highest common factor of 101819 and 29.
29
Calculate the highest common divisor of 1824 and 18525.
57
Calculate the greatest common factor of 3288 and 20616.
24
Calculate the highest common factor of 9447 and 20301.
201
What is the greatest common divisor of 24496 and 5?
1
What is the highest common divisor of 236631 and 6?
3
What is the greatest common factor of 6592 and 5974?
206
Calculate the highest common divisor of 9078 and 1122.
102
Calculate the greatest common factor of 18 and 102600.
18
Calculate the greatest common factor of 2685 and 13246.
179
What is the greatest common factor of 8866 and 2288?
286
Calculate the highest common factor of 1521 and 660959.
169
Calculate the greatest common divisor of 185 and 8.
1
What is the highest common divisor of 494004 and 588?
84
Calculate the greatest common divisor of 948 and 112338.
474
What is the greatest common divisor of 124 and 33449?
31
What is the greatest common factor of 11620 and 12460?
140
Calculate the greatest common factor of 6021708 and 266.
266
What is the highest common divisor of 1539 and 29160?
81
What is the highest common factor of 12364 and 2?
2
Calculate the greatest common factor of 8277740 and 20.
20
What is the greatest common divisor of 85656 and 86?
86
Calculate the greatest common divisor of 13428 and 972.
36
Calculate the highest common divisor of 13433 and 133.
133
Calculate the greatest common divisor of 80 and 27440.
80
What is the highest common factor of 1734 and 491878?
578
Calculate the highest common factor of 54 and 48078.
18
What is the highest common divisor of 2350646 and 184?
46
What is the greatest common divisor of 57085 and 135?
5
What is the highest common divisor of 820 and 22222?
82
What is the highest common factor of 932 and 14213?
233
Calculate the highest common divisor of 110710 and 80.
10
What is the highest common divisor of 51408 and 28?
28
Calculate the greatest common divisor of 120884 and 5828.
188
What is the greatest common factor of 7167685 and 35?
35
Calculate the greatest common factor of 23205 and 325.
65
What is the highest common factor of 1400 and 116800?
200
What is the highest common divisor of 257244 and 15028?
884
Calculate the greatest common divisor of 262 and 106765.
131
Calculate the greatest common factor of 25 and 158375.
25
Calculate the highest common divisor of 50 and 2770.
10
Calculate the greatest common factor of 11972 and 164.
164
What is the greatest common divisor of 42 and 18606?
42
Calculate the highest common factor of 174 and 37584.
174
Calculate the highest common factor of 6 and 143602.
2
What is the greatest common factor of 47748 and 15180?
276
Calculate the highest common divisor of 7042 and 101606.
1006
What is the highest common factor of 11029 and 79893?
269
What is the highest common divisor of 55919 and 7562?
199
Calculate the highest common factor of 9101 and 2.
1
Calculate the greatest common divisor of 48 and 473216.
16
Calculate the highest common factor of 148 and 69449.
37
What is the greatest common factor of 3128 and 62330?
46
What is the highest common factor of 384 and 273804?
12
What is the greatest common divisor of 225 and 219618?
9
Calculate the greatest common divisor of 73474 and 153.
17
Calculate the highest common factor of 7453 and 5911.
257
What is the highest common divisor of 2847 and 2301?
39
What is the greatest common factor of 13521354 and 98?
98
Calculate the highest common divisor of 17600 and 5720.
440
Calculate the greatest common divisor of 219 and 927.
3
Calculate the highest common factor of 111 and 4005.
3
What is the highest common divisor of 1634 and 48117?
43
Calculate the greatest common factor of 1232 and 1551088.
1232
What is the highest common factor of 14160 and 150?
30
What is the greatest common factor of 792 and 3127256?
88
What is the greatest common divisor of 8282 and 14342?
202
What is the greatest common factor of 3630 and 228?
6
What is the greatest common factor of 301919 and 1077?
359
Calculate the greatest common factor of 11 and 10183250.
11
Calculate the greatest common divisor of 28224 and 13608.
504
Calculate the greatest common factor of 28437 and 363.
3
Calculate the highest common factor of 74753 and 35657.
181
Calculate the highest common divisor of 64 and 3362624.
64
Calculate the greatest common divisor of 113466 and 12.
6
What is the highest common factor of 24657 and 126?
3
What is the greatest common divisor of 2 and 5689?
1
Calculate the highest common factor of 4948 and 76.
4
What is the highest common factor of 6875 and 44495?
55
Calculate the greatest common divisor of 1167387 and 2405.
481
Calculate the highest common factor of 4298 and 28.
14
Calculate the greatest common factor of 40 and 2061656.
8
Calculate the highest common factor of 55242 and 54.
54
What is the highest common divisor of 316035 and 45?
45
What is the highest common divisor of 360038 and 658?
14
Calculate the highest common divisor of 2008705 and 345.
115
Calculate the highest common factor of 115941 and 1533.
21
What is the highest common factor of 595617 and 165?
33
What is the highest common factor of 100980 and 18?
18
What is the highest common divisor of 216 and 1154?
2
What is the highest common factor of 276 and 2213175?
69
Calculate the highest common factor of 7315 and 1070080.
1045
Calculate the highest common divisor of 153 and 268566.
51
Calculate the highest common divisor of 1 and 47281.
1
Calculate the greatest common factor of 77714 and 9828.
182
Calculate the greatest common divisor of 150 and 225250.
50
What is the greatest common divisor of 4641 and 247299?
663
Calculate the greatest common factor of 1323 and 1512.
189
What is the greatest common divisor of 230009 and 507?
169
What is the greatest common factor of 4433 and 1235?
13
Calculate the greatest common factor of 66 and 24039708.
66
Calculate the highest common divisor of 184935 and 45.
15
What is the highest common divisor of 54043 and 136?
17
Calculate the greatest common factor of 19 and 944243.
19
What is the highest common divisor of 1708 and 3538?
122
Calculate the greatest common divisor of 171864 and 7056.
504
Calculate the greatest common factor of 25289 and 41173.
209
Calculate the greatest common factor of 1615 and 33150.
85
Calculate the greatest common factor of 5177 and 9300.
31
Calculate the greatest common divisor of 46710 and 78888.
1038
Calculate the highest common factor of 2359 and 118.
1
What is the greatest common factor of 13 and 121901?
13
What is the greatest common factor of 12059 and 28397?
389
What is the highest common factor of 35848 and 32?
8
What is the greatest common factor of 1152 and 612?
36
Calculate the highest common factor of 3901 and 10126.
83
Calculate the greatest common factor of 4176 and 1276.
116
What is the greatest common factor of 13048 and 56?
56
What is the greates